{"id":177,"date":"2023-02-08T12:57:23","date_gmt":"2023-02-08T11:57:23","guid":{"rendered":"https:\/\/fizjoterapiaslupsk.pl\/?page_id=177"},"modified":"2023-02-08T13:23:36","modified_gmt":"2023-02-08T12:23:36","slug":"polityka-prywatnosci","status":"publish","type":"page","link":"https:\/\/fizjoterapiaslupsk.pl\/index.php\/polityka-prywatnosci\/","title":{"rendered":"Polityka prywatno\u015bci"},"content":{"rendered":"\n<h2 class=\"wp-block-heading\">Informacje og\u00f3lne<\/h2>\n\n\n\n<p>Operatorem serwisu fizjoterapiaslupsk.pl jest Prywatna Praktyka Fizjoterapeutyczna Emilia Ma\u0142gorzata Olczyk.<\/p>\n\n\n\n<p>Serwis realizuje funkcje pozyskiwania informacji o u\u017cytkownikach i ich zachowaniu w nast\u0119puj\u0105cy spos\u00f3b:<\/p>\n\n\n\n<ul class=\"wp-block-list\">\n<li>poprzez dobrowolnie wprowadzone w formularzach informacje.<\/li>\n\n\n\n<li>poprzez zapisywanie w urz\u0105dzeniach ko\u0144cowych pliki cookie (tzw. \u201eciasteczka\u201d).<\/li>\n\n\n\n<li>poprzez gromadzenie log\u00f3w serwera www <\/li>\n<\/ul>\n\n\n\n<div style=\"height:10px\" aria-hidden=\"true\" class=\"wp-block-spacer\"><\/div>\n\n\n\n<h2 class=\"wp-block-heading\">Informacje w formularzach.<\/h2>\n\n\n\n<p>Serwis zbiera informacje podane dobrowolnie przez u\u017cytkownika.<\/p>\n\n\n\n<p>Serwis mo\u017ce zapisa\u0107 ponadto informacje o parametrach po\u0142\u0105czenia (oznaczenie czasu, adres IP)<\/p>\n\n\n\n<p>Dane w formularzu nie s\u0105 udost\u0119pniane podmiotom trzecim inaczej, ni\u017c za zgod\u0105 u\u017cytkownika<\/p>\n\n\n\n<p>Dane podane w formularzu mog\u0105 stanowi\u0107 zbi\u00f3r potencjalnych klient\u00f3w<\/p>\n\n\n\n<p>Dane podane w formularzu s\u0105 przetwarzane w celu wynikaj\u0105cym z funkcji konkretnego formularza, np. w celu dokonania procesu obs\u0142ugi zg\u0142oszenia , kontaktu lub te\u017c przed\u0142o\u017cenia oferty pracy<\/p>\n\n\n\n<div style=\"height:7px\" aria-hidden=\"true\" class=\"wp-block-spacer\"><\/div>\n\n\n\n<div style=\"height:10px\" aria-hidden=\"true\" class=\"wp-block-spacer\"><\/div>\n\n\n\n<h2 class=\"wp-block-heading\">Ciasteczka<\/h2>\n\n\n\n<p>Serwis korzysta z plik\u00f3w cookies<\/p>\n\n\n\n<p>Pliki cookies (tzw. \u201eciasteczka\u201d) stanowi\u0105 dane informatyczne, w szczeg\u00f3lno\u015bci pliki tekstowe, kt\u00f3re przechowywane s\u0105 w urz\u0105dzeniu ko\u0144cowym U\u017cytkownika Serwisu i przeznaczone s\u0105 do korzystania ze stron internetowych Serwisu. Cookies zazwyczaj zawieraj\u0105 nazw\u0119 strony internetowej, z kt\u00f3rej pochodz\u0105, czas przechowywania ich na urz\u0105dzeniu ko\u0144cowym oraz unikalny numer<\/p>\n\n\n\n<p>Pliki cookies wykorzystywane s\u0105 w nast\u0119puj\u0105cych celach:<\/p>\n\n\n\n<ul class=\"wp-block-list\">\n<li>tworzenia statystyk, kt\u00f3re pomagaj\u0105 zrozumie\u0107, w jaki spos\u00f3b U\u017cytkownicy Serwisu korzystaj\u0105 ze stron internetowych, co umo\u017cliwia ulepszanie ich struktury i zawarto\u015bci<\/li>\n<\/ul>\n\n\n\n<p>Oprogramowanie do przegl\u0105dania stron internetowych (przegl\u0105darka internetowa) zazwyczaj domy\u015blnie dopuszcza przechowywanie plik\u00f3w cookies w urz\u0105dzeniu ko\u0144cowym U\u017cytkownika. U\u017cytkownicy Serwisu mog\u0105 dokona\u0107 zmiany ustawie\u0144 w tym zakresie. Przegl\u0105darka internetowa umo\u017cliwia usuni\u0119cie plik\u00f3w cookies. Mo\u017cliwe jest tak\u017ce automatyczne blokowanie plik\u00f3w cookies Szczeg\u00f3\u0142owe informacje na ten temat zawiera pomoc lub dokumentacja przegl\u0105darki internetowej<\/p>\n\n\n\n<p>Ograniczenia stosowania plik\u00f3w cookies mog\u0105 wp\u0142yn\u0105\u0107 na niekt\u00f3re funkcjonalno\u015bci dost\u0119pne na stronach internetowych Serwisu<\/p>\n\n\n\n<p>Zalecamy przeczytanie polityki ochrony prywatno\u015bci tych firm, aby pozna\u0107 zasady korzystania z plik\u00f3w cookie wykorzystywane w statystykach:&nbsp;<a rel=\"noreferrer noopener\" href=\"https:\/\/www.google.com\/intl\/pl\/policies\/privacy\/\" target=\"_blank\">Polityka ochrony prywatno\u015bci Google<\/a><\/p>\n\n\n\n<p>Pliki cookie mog\u0105 by\u0107 wykorzystane przez sieci reklamowe, w szczeg\u00f3lno\u015bci sie\u0107 Google, do wy\u015bwietlenia reklam dopasowanych do sposobu, w jaki u\u017cytkownik korzysta z Serwisu. W tym celu mog\u0105 zachowa\u0107 informacj\u0119 o \u015bcie\u017cce nawigacji u\u017cytkownika lub czasie pozostawania na danej stronie<\/p>\n\n\n\n<p>W zakresie informacji o preferencjach u\u017cytkownika gromadzonych przez sie\u0107 reklamow\u0105 Google u\u017cytkownik mo\u017ce przegl\u0105da\u0107 i edytowa\u0107 informacje wynikaj\u0105ce z plik\u00f3w cookies przy pomocy narz\u0119dzia:&nbsp;<a rel=\"noreferrer noopener\" href=\"https:\/\/support.google.com\/ads\/answer\/2662922?hl=pl\" target=\"_blank\">https:\/\/support.google.com\/ads\/answer\/2662922?hl=pl<\/a><\/p>\n\n\n\n<div style=\"height:7px\" aria-hidden=\"true\" class=\"wp-block-spacer\"><\/div>\n\n\n\n<div style=\"height:10px\" aria-hidden=\"true\" class=\"wp-block-spacer\"><\/div>\n\n\n\n<h2 class=\"wp-block-heading\">Z kim dzielimy si\u0119 danymi<\/h2>\n\n\n\n<div style=\"height:7px\" aria-hidden=\"true\" class=\"wp-block-spacer\"><\/div>\n\n\n\n<p>Dane podlegaj\u0105 udost\u0119pnieniu podmiotom zewn\u0119trznym wy\u0142\u0105cznie w granicach prawnie dozwolonych<\/p>\n\n\n\n<p>Dane umo\u017cliwiaj\u0105ce identyfikacj\u0119 osoby fizycznej s\u0105 udost\u0119pniane wy\u0142\u0105czenie za zgod\u0105 tej osoby<\/p>\n\n\n\n<p>Operator mo\u017ce mie\u0107 obowi\u0105zek udzielania informacji zebranych przez Serwis upowa\u017cnionym organom na podstawie zgodnych z prawem \u017c\u0105da\u0144 w zakresie wynikaj\u0105cym z \u017c\u0105dania<\/p>\n\n\n\n<div style=\"height:10px\" aria-hidden=\"true\" class=\"wp-block-spacer\"><\/div>\n\n\n\n<h2 class=\"wp-block-heading\">Jak d\u0142ugo przechowujemy twoje dane<\/h2>\n\n\n\n<div style=\"height:7px\" aria-hidden=\"true\" class=\"wp-block-spacer\"><\/div>\n\n\n\n<p>Dane podane dobrowolnie poprzez formularz zg\u0142oszeniowy b\u0119d\u0105 przechowywane przez czas niezb\u0119dny do obs\u0142ugi danego zg\u0142oszenia, a\u017c do jego zako\u0144czenia, nie d\u0142u\u017cej ni\u0107 6 miesi\u0119cy. <\/p>\n\n\n\n<div style=\"height:7px\" aria-hidden=\"true\" class=\"wp-block-spacer\"><\/div>\n\n\n\n<div style=\"height:10px\" aria-hidden=\"true\" class=\"wp-block-spacer\"><\/div>\n\n\n\n<h2 class=\"wp-block-heading\">Zarz\u0105dzanie plikami cookies \u2013 jak w praktyce wyra\u017ca\u0107 i cofa\u0107 zgod\u0119?<\/h2>\n\n\n\n<p>Je\u015bli u\u017cytkownik nie chce otrzymywa\u0107 plik\u00f3w cookies, mo\u017ce zmieni\u0107 ustawienia przegl\u0105darki. Zastrzegamy, \u017ce wy\u0142\u0105czenie obs\u0142ugi plik\u00f3w cookies niezb\u0119dnych dla proces\u00f3w uwierzytelniania, bezpiecze\u0144stwa, utrzymania preferencji u\u017cytkownika mo\u017ce utrudni\u0107, a w skrajnych przypadkach mo\u017ce uniemo\u017cliwi\u0107 korzystanie ze stron www<\/p>\n\n\n\n<p>W celu zarz\u0105dzania ustawieniami cookies wybierz z listy poni\u017cej przegl\u0105dark\u0119 internetow\u0105\/system i post\u0119puj zgodnie z instrukcjami:<\/p>\n\n\n\n<p><a href=\"https:\/\/support.microsoft.com\/pl-pl\/help\/17442\/\" target=\"_blank\" rel=\"noreferrer noopener\">Internet Explorer<\/a><\/p>\n\n\n\n<p><a href=\"https:\/\/privacy.microsoft.com\/pl-pl\/windows-10-microsoft-edge-and-privacy\" target=\"_blank\" rel=\"noreferrer noopener\">Edge<\/a><\/p>\n\n\n\n<p><a href=\"http:\/\/support.google.com\/chrome\/bin\/answer.py?hl=pl&amp;answer=95647\" target=\"_blank\" rel=\"noreferrer noopener\">Chrome<\/a><\/p>\n\n\n\n<p><a href=\"https:\/\/support.apple.com\/kb\/PH21411?viewlocale=en_US&amp;locale=en_US\" target=\"_blank\" rel=\"noreferrer noopener\">Safari<\/a><\/p>\n\n\n\n<p><a href=\"http:\/\/support.mozilla.org\/pl\/kb\/W%C5%82%C4%85czanie%20i%20wy%C5%82%C4%85czanie%20obs%C5%82ugi%20ciasteczek\" target=\"_blank\" rel=\"noreferrer noopener\">Firefox<\/a><\/p>\n\n\n\n<p><a href=\"http:\/\/help.opera.com\/Windows\/12.10\/pl\/cookies.html\" target=\"_blank\" rel=\"noreferrer noopener\">Opera<\/a><\/p>\n\n\n\n<p><a href=\"http:\/\/support.google.com\/chrome\/bin\/answer.py?hl=pl&amp;answer=95647\" target=\"_blank\" rel=\"noreferrer noopener\">Android<\/a><\/p>\n\n\n\n<p><a href=\"http:\/\/support.apple.com\/kb\/HT1677?viewlocale=pl_PL\" target=\"_blank\" rel=\"noreferrer noopener\">Safari (iOS)<\/a><\/p>\n\n\n\n<p><a href=\"http:\/\/www.windowsphone.com\/pl-pl\/how-to\/wp7\/web\/changing-privacy-and-other-browser-settings\" target=\"_blank\" rel=\"noreferrer noopener\">Windows Phone<\/a><\/p>\n\n\n\n<p><a href=\"https:\/\/help.blackberry.com\/pl\/blackberry-classic\/10.3.1\/help\/mwa1334238823957.html\" target=\"_blank\" rel=\"noreferrer noopener\">Blackberry<\/a><\/p>\n","protected":false},"excerpt":{"rendered":"<p>Informacje og\u00f3lne Operatorem serwisu fizjoterapiaslupsk.pl jest Prywatna Praktyka Fizjoterapeutyczna Emilia Ma\u0142gorzata Olczyk. Serwis realizuje funkcje pozyskiwania informacji o u\u017cytkownikach i ich zachowaniu w nast\u0119puj\u0105cy spos\u00f3b: Informacje w formularzach. Serwis zbiera informacje podane dobrowolnie przez u\u017cytkownika. Serwis mo\u017ce zapisa\u0107 ponadto informacje o parametrach po\u0142\u0105czenia (oznaczenie czasu, adres IP) Dane w formularzu nie s\u0105 udost\u0119pniane podmiotom trzecim [&hellip;]<\/p>\n","protected":false},"author":2,"featured_media":0,"parent":0,"menu_order":0,"comment_status":"closed","ping_status":"closed","template":"","meta":{"_seopress_robots_primary_cat":"","_seopress_titles_title":"","_seopress_titles_desc":"","_seopress_robots_index":"","footnotes":""},"class_list":["post-177","page","type-page","status-publish","hentry"],"yoast_head":"<!-- This site is optimized with the Yoast SEO plugin v26.1.1 - https:\/\/yoast.com\/wordpress\/plugins\/seo\/ -->\n<title>Polityka prywatno\u015bci - mgr EMILIA OLCZYK SPECJALISTA FIZJOTERAPII<\/title>\n<meta name=\"robots\" content=\"index, follow, max-snippet:-1, max-image-preview:large, max-video-preview:-1\" \/>\n<link rel=\"canonical\" href=\"https:\/\/fizjoterapiaslupsk.pl\/index.php\/polityka-prywatnosci\/\" \/>\n<meta property=\"og:locale\" content=\"pl_PL\" \/>\n<meta property=\"og:type\" content=\"article\" \/>\n<meta property=\"og:title\" content=\"Polityka prywatno\u015bci - mgr EMILIA OLCZYK SPECJALISTA FIZJOTERAPII\" \/>\n<meta property=\"og:description\" content=\"Informacje og\u00f3lne Operatorem serwisu fizjoterapiaslupsk.pl jest Prywatna Praktyka Fizjoterapeutyczna Emilia Ma\u0142gorzata Olczyk. Serwis realizuje funkcje pozyskiwania informacji o u\u017cytkownikach i ich zachowaniu w nast\u0119puj\u0105cy spos\u00f3b: Informacje w formularzach. Serwis zbiera informacje podane dobrowolnie przez u\u017cytkownika. Serwis mo\u017ce zapisa\u0107 ponadto informacje o parametrach po\u0142\u0105czenia (oznaczenie czasu, adres IP) Dane w formularzu nie s\u0105 udost\u0119pniane podmiotom trzecim [&hellip;]\" \/>\n<meta property=\"og:url\" content=\"https:\/\/fizjoterapiaslupsk.pl\/index.php\/polityka-prywatnosci\/\" \/>\n<meta property=\"og:site_name\" content=\"mgr EMILIA OLCZYK SPECJALISTA FIZJOTERAPII\" \/>\n<meta property=\"article:modified_time\" content=\"2023-02-08T12:23:36+00:00\" \/>\n<meta name=\"twitter:card\" content=\"summary_large_image\" \/>\n<meta name=\"twitter:label1\" content=\"Szacowany czas czytania\" \/>\n\t<meta name=\"twitter:data1\" content=\"3 minuty\" \/>\n<script type=\"application\/ld+json\" class=\"yoast-schema-graph\">{\"@context\":\"https:\/\/schema.org\",\"@graph\":[{\"@type\":\"WebPage\",\"@id\":\"https:\/\/fizjoterapiaslupsk.pl\/index.php\/polityka-prywatnosci\/\",\"url\":\"https:\/\/fizjoterapiaslupsk.pl\/index.php\/polityka-prywatnosci\/\",\"name\":\"Polityka prywatno\u015bci - mgr EMILIA OLCZYK SPECJALISTA FIZJOTERAPII\",\"isPartOf\":{\"@id\":\"https:\/\/fizjoterapiaslupsk.pl\/#website\"},\"datePublished\":\"2023-02-08T11:57:23+00:00\",\"dateModified\":\"2023-02-08T12:23:36+00:00\",\"breadcrumb\":{\"@id\":\"https:\/\/fizjoterapiaslupsk.pl\/index.php\/polityka-prywatnosci\/#breadcrumb\"},\"inLanguage\":\"pl-PL\",\"potentialAction\":[{\"@type\":\"ReadAction\",\"target\":[\"https:\/\/fizjoterapiaslupsk.pl\/index.php\/polityka-prywatnosci\/\"]}]},{\"@type\":\"BreadcrumbList\",\"@id\":\"https:\/\/fizjoterapiaslupsk.pl\/index.php\/polityka-prywatnosci\/#breadcrumb\",\"itemListElement\":[{\"@type\":\"ListItem\",\"position\":1,\"name\":\"Strona g\u0142\u00f3wna\",\"item\":\"https:\/\/fizjoterapiaslupsk.pl\/\"},{\"@type\":\"ListItem\",\"position\":2,\"name\":\"Polityka prywatno\u015bci\"}]},{\"@type\":\"WebSite\",\"@id\":\"https:\/\/fizjoterapiaslupsk.pl\/#website\",\"url\":\"https:\/\/fizjoterapiaslupsk.pl\/\",\"name\":\"mgr EMILIA OLCZYK SPECJALISTA FIZJOTERAPII\",\"description\":\"FIZJOTERAPIA S\u0141UPSK\",\"potentialAction\":[{\"@type\":\"SearchAction\",\"target\":{\"@type\":\"EntryPoint\",\"urlTemplate\":\"https:\/\/fizjoterapiaslupsk.pl\/?s={search_term_string}\"},\"query-input\":{\"@type\":\"PropertyValueSpecification\",\"valueRequired\":true,\"valueName\":\"search_term_string\"}}],\"inLanguage\":\"pl-PL\"}]}<\/script>\n<!-- \/ Yoast SEO plugin. -->","yoast_head_json":{"title":"Polityka prywatno\u015bci - mgr EMILIA OLCZYK SPECJALISTA FIZJOTERAPII","robots":{"index":"index","follow":"follow","max-snippet":"max-snippet:-1","max-image-preview":"max-image-preview:large","max-video-preview":"max-video-preview:-1"},"canonical":"https:\/\/fizjoterapiaslupsk.pl\/index.php\/polityka-prywatnosci\/","og_locale":"pl_PL","og_type":"article","og_title":"Polityka prywatno\u015bci - mgr EMILIA OLCZYK SPECJALISTA FIZJOTERAPII","og_description":"Informacje og\u00f3lne Operatorem serwisu fizjoterapiaslupsk.pl jest Prywatna Praktyka Fizjoterapeutyczna Emilia Ma\u0142gorzata Olczyk. Serwis realizuje funkcje pozyskiwania informacji o u\u017cytkownikach i ich zachowaniu w nast\u0119puj\u0105cy spos\u00f3b: Informacje w formularzach. Serwis zbiera informacje podane dobrowolnie przez u\u017cytkownika. Serwis mo\u017ce zapisa\u0107 ponadto informacje o parametrach po\u0142\u0105czenia (oznaczenie czasu, adres IP) Dane w formularzu nie s\u0105 udost\u0119pniane podmiotom trzecim [&hellip;]","og_url":"https:\/\/fizjoterapiaslupsk.pl\/index.php\/polityka-prywatnosci\/","og_site_name":"mgr EMILIA OLCZYK SPECJALISTA FIZJOTERAPII","article_modified_time":"2023-02-08T12:23:36+00:00","twitter_card":"summary_large_image","twitter_misc":{"Szacowany czas czytania":"3 minuty"},"schema":{"@context":"https:\/\/schema.org","@graph":[{"@type":"WebPage","@id":"https:\/\/fizjoterapiaslupsk.pl\/index.php\/polityka-prywatnosci\/","url":"https:\/\/fizjoterapiaslupsk.pl\/index.php\/polityka-prywatnosci\/","name":"Polityka prywatno\u015bci - mgr EMILIA OLCZYK SPECJALISTA FIZJOTERAPII","isPartOf":{"@id":"https:\/\/fizjoterapiaslupsk.pl\/#website"},"datePublished":"2023-02-08T11:57:23+00:00","dateModified":"2023-02-08T12:23:36+00:00","breadcrumb":{"@id":"https:\/\/fizjoterapiaslupsk.pl\/index.php\/polityka-prywatnosci\/#breadcrumb"},"inLanguage":"pl-PL","potentialAction":[{"@type":"ReadAction","target":["https:\/\/fizjoterapiaslupsk.pl\/index.php\/polityka-prywatnosci\/"]}]},{"@type":"BreadcrumbList","@id":"https:\/\/fizjoterapiaslupsk.pl\/index.php\/polityka-prywatnosci\/#breadcrumb","itemListElement":[{"@type":"ListItem","position":1,"name":"Strona g\u0142\u00f3wna","item":"https:\/\/fizjoterapiaslupsk.pl\/"},{"@type":"ListItem","position":2,"name":"Polityka prywatno\u015bci"}]},{"@type":"WebSite","@id":"https:\/\/fizjoterapiaslupsk.pl\/#website","url":"https:\/\/fizjoterapiaslupsk.pl\/","name":"mgr EMILIA OLCZYK SPECJALISTA FIZJOTERAPII","description":"FIZJOTERAPIA S\u0141UPSK","potentialAction":[{"@type":"SearchAction","target":{"@type":"EntryPoint","urlTemplate":"https:\/\/fizjoterapiaslupsk.pl\/?s={search_term_string}"},"query-input":{"@type":"PropertyValueSpecification","valueRequired":true,"valueName":"search_term_string"}}],"inLanguage":"pl-PL"}]}},"_links":{"self":[{"href":"https:\/\/fizjoterapiaslupsk.pl\/index.php\/wp-json\/wp\/v2\/pages\/177","targetHints":{"allow":["GET"]}}],"collection":[{"href":"https:\/\/fizjoterapiaslupsk.pl\/index.php\/wp-json\/wp\/v2\/pages"}],"about":[{"href":"https:\/\/fizjoterapiaslupsk.pl\/index.php\/wp-json\/wp\/v2\/types\/page"}],"author":[{"embeddable":true,"href":"https:\/\/fizjoterapiaslupsk.pl\/index.php\/wp-json\/wp\/v2\/users\/2"}],"replies":[{"embeddable":true,"href":"https:\/\/fizjoterapiaslupsk.pl\/index.php\/wp-json\/wp\/v2\/comments?post=177"}],"version-history":[{"count":6,"href":"https:\/\/fizjoterapiaslupsk.pl\/index.php\/wp-json\/wp\/v2\/pages\/177\/revisions"}],"predecessor-version":[{"id":196,"href":"https:\/\/fizjoterapiaslupsk.pl\/index.php\/wp-json\/wp\/v2\/pages\/177\/revisions\/196"}],"wp:attachment":[{"href":"https:\/\/fizjoterapiaslupsk.pl\/index.php\/wp-json\/wp\/v2\/media?parent=177"}],"curies":[{"name":"wp","href":"https:\/\/api.w.org\/{rel}","templated":true}]}}